 v(k) = -g(k) - 6*u(k). What is the remainder when 34 is divided by v(1)?
10
Let k(i) = 2*i**3 - 4*i**2 - 7*i + 5. Let p(b) = 8*b - 2. Calculate the remainder when k(4) is divided by p(2).
13
Let z(j) = j**2 + 1. Let n be z(-2). Suppose -n*g + g + 40 = 0. Calculate the remainder when g is divided by 6.
4
Suppose 5*s - 22 = 3. Suppose 2*k = -0*k. Calculate the remainder when (k + (9 - 1))/1 is divided by s.
3
Suppose 2*v + 1 = 11. Suppose 5*m = -q + 40, -v*q = -m - 117 - 5. Calculate the remainder when 74 is divided by q.
24
Suppose -8 = -6*t + 256. Calculate the remainder when t is divided by 25.
19
Suppose -15*u - 133 + 553 = 0. What is the remainder when 80 is divided by u?
24
Let l = -13 + 23. Suppose 4*k - 44 - 35 = -5*b, b - 4*k - 35 = 0. Calculate the remainder when b is divided by l.
9
Let i(h) = h**2 + 5*h + 4. Let b be i(-5). Suppose -c = -b*c + 6. Calculate the remainder when 3/3 + 7 + c is divided by 4.
2
Suppose 5*w = 3*v - 0*v + 46, 0 = w + 2*v - 17. Calculate the remainder when 119 is divided by w.
9
Let v = 20 - 16. Suppose 5*t - 15 = -5*z, v*z + 5*t = -0*z + 11. What is the remainder when 6 is divided by z?
2
Suppose 0 = 5*s - s - 132. Suppose -2*d + 5 = -s. What is the remainder when 56 is divided by d?
18
Suppose -64 = -8*p + 8. What is the remainder when 141 is divided by p?
6
Suppose 18 + 0 = k. What is the remainder when 124 is divided by k?
16
Calculate the remainder when 10 is divided by (-13)/(-6) + 6/(-36).
0
Suppose -3*d = 75 - 342. Suppose 4*i - d = -5*o - 0*o, 3*o = 2*i - 39. Calculate the remainder when i is divided by ((-8)/3)/((-8)/36).
9
Suppose -172 - 520 = -4*p. What is the remainder when p is divided by 35?
33
Let k(d) = 5*d - 19. Calculate the remainder when 143 is divided by k(11).
35
Suppose -5*t - 2*t = -49. What is the remainder when 33 is divided by t?
5
Suppose -s + 16 = 3*s + 2*a, 3*s - 21 = 3*a. Suppose 4*h - s*q = 43, -3*h + 2*q - 6 = -33. What is the remainder when 12 is divided by h?
5
Suppose -j + 2 = -3. Calculate the remainder when 19 is divided by j.
4
Let b = 149 - 113. Suppose -4*f + 42 = -10. Calculate the remainder when b is divided by f.
10
Suppose 3*m + 0*m + 18 = k, -5*k - 10 = 5*m. What is the remainder when 21 is divided by 1 + -1*(-2 - k)?
3
Suppose h + 2 = -2*q, -q - 4 = -4*h - 5*q. Let m = h - -54. Let p = 14 + 1. What is the remainder when m is divided by p?
13
Suppose 4*k + k = -60. Let v = 22 + k. What is the remainder when 38 is divided by v?
8
Let h(b) = b**3 - 15*b**2 + 36*b + 12. What is the remainder when 201 is divided by h(12)?
9
Calculate the remainder when (111/(-4))/((-9)/12) is divided by 10.
7
Suppose 0 = 7*j - 12*j + 10. Calculate the remainder when 7 is divided by j.
1
Suppose 0 = 5*p + 4*b - 103, 0 = -0*p - 2*p + 5*b + 61. What is the remainder when p is divided by 12?
11
Let i = 103 - 60. Suppose 0 = -5*t + 2*g - 6, 5*t + 2*g - 9 = -g. Suppose t*b - 3*b = -66. What is the remainder when i is divided by b?
21
What is the remainder when 44 is divided by 36/(-7)*105/(-30)?
8
Let r(u) = -u**3 - 12*u**2 - 12*u + 7. Calculate the remainder when 51 is divided by r(-11).
15
Let f = 2 - -3. Let x be (2/f)/((-3)/(-45)). Let b = x + 6. Calculate the remainder when 23 is divided by b.
11
Suppose 1 = -5*q + 11. Suppose -m - 5*f = 19, 0*f = 5*m + q*f + 3. Calculate the remainder when m is divided by 2/(-6) + (-8)/(-6).
0
Let t = 3 + 0. Suppose -4*j = r - 18 - 2, 3*j + t*r - 6 = 0. Let n(l) = 4*l - 17. Calculate the remainder when n(7) is divided by j.
5
Calculate the remainder when 33 is divided by 30/(-50) - (-123)/5.
9
Let d = 14 - 8. What is the remainder when (-1 + -16)/(-1 - 0) is divided by d?
5
Suppose -4*f + 8*f = 5*i + 138, -154 = -5*f - 3*i. Let j(t) = 5*t - 1. Let q be j(1). Suppose 2*p = -q + f. What is the remainder when 26 is divided by p?
12
Let v = 5 + 5. Calculate the remainder when 38 is divided by v.
8
Let w = -5 + 8. Suppose w*l - 4*l = -79. What is the remainder when l is divided by 20?
19
Suppose -4*v + 12 = 0, -2*v + 7 = 2*h - 9. Let b(r) = 3 - 4 - 2 + 3*r. Calculate the remainder when 22 is divided by b(h).
10
Calculate the remainder when (12 - -1) + 2 + 0 is divided by 6.
3
Let p(y) = -8*y. Let a be p(2). What is the remainder when (-12)/18 + a/(-6) is divided by 1?
0
Suppose 3*c - 8*c = -5. Calculate the remainder when 46 is divided by -1 - -15 - 1 - c.
10
Let u(p) = 15*p**2 - 7*p - 5. Let i(d) = -7*d**2 + 4*d + 3. Let h(w) = 5*i(w) + 3*u(w). What is the remainder when (-4)/2 + 23 + -1 is divided by h(-1)?
9
Let f be ((-1)/2*-2)/(-1). Let q = f + 3. Suppose 2*j = -5*x + 4*j + 31, -19 = -5*x - q*j. Calculate the remainder when 9 is divided by x.
4
Let p be (-1)/((-10)/4 + 2). Suppose -o - 19 = -p*o. Calculate the remainder when 35 is divided by o.
16
Let d(l) = -22*l + 5. Let c(z) = z - 1. Let o(g) = 6*c(g) + d(g). Let m = -3 + 2. What is the remainder when 28 is divided by o(m)?
13
Let b = -3 + 5. Suppose -b*k = -k - 2. Calculate the remainder when 5 is divided by k.
1
Let t = 91 + -139. What is the remainder when 39/(-4)*t/18 is divided by 14?
12
Suppose -j - 32 = -101. What is the remainder when j is divided by 35?
34
Let s(g) = g**2 + g - 40. What is the remainder when s(8) is divided by 21?
11
What is the remainder when (20/15)/((-2)/(-87)) is divided by 15?
13
Suppose -6*k + 32 = -2*k. Suppose -4*b + r + 13 = -3, -2*b + 8 = r. Suppose -c + b*c = 87. What is the remainder when c is divided by k?
5
Let i(t) = -5*t + 18. What is the remainder when i(-6) is divided by 25?
23
Let t(b) be the second derivative of -b**5/20 + 2*b**4/3 + 5*b**3/6 + 9*b**2/2 - b. Suppose -2*u = 3*u - 85. What is the remainder when t(8) is divided by u?
15
Let t = -8 + 31. Let g = -7 + t. What is the remainder when 45 is divided by g?
13
Let b = 25 + -14. Suppose 30 = -o + 2*o. What is the remainder when o is divided by b?
8
Let x be 0 + (1 - 3) - -4. Let f(u) = -u + 5. Let d be f(5). Suppose -3*m = d, 8 = x*a - 4*m - 56. Calculate the remainder when a is divided by 11.
10
Suppose -5*z = -4*q + 16, 5*q + 0*q - 20 = 2*z. Let c(x) = -x - 5. Let w be c(z). Let l = -2 - w. What is the remainder when 5 is divided by l?
2
Suppose 4*g - 2*g = 10. Let q be (68/10)/(1/5). Suppose -6 = 2*l - q. What is the remainder when l is divided by g?
4
Suppose -92*h + 88*h + 12 = 0. What is the remainder when 9 is divided by h?
0
Suppose -2 = 5*q + 8. Let f be (-1 + 0)*(2 + q). Suppose f = -x + 2 + 10. Calculate the remainder when 34 is divided by x.
10
Let w(j) = -2 - 3*j + 2*j + j**3 + 7*j**2 - 4*j**2. Calculate the remainder when 13 is divided by w(-2).
1
Let j(s) = s**2 - s + 9. Let a be j(0). Let l(d) = 4*d + 13. Let p(b) = -b. Let o(q) = l(q) + 5*p(q). Calculate the remainder when 10 is divided by o(a).
2
Let r = 12 - -8. Let u be 4/(-6) - (-88)/6. Calculate the remainder when r is divided by (u/6)/((-1)/(-3)).
6
Suppose -t - 4*t + 25 = 5*z, -z + 3 = 0. Calculate the remainder when 1 - ((t - 2) + -18) is divided by 11.
8
Let t(c) = -c**2 + 11*c - 12. Let o be t(9). Suppose -o = -u - 5. Let j(p) = -p**2 - 5*p - 3. What is the remainder when u is divided by j(-4)?
0
Suppose 0 = -5*p - 632 + 732. Suppose -322 + 11 = -4*u - c, 4*u - 3*c - 299 = 0. Calculate the remainder when u is divided by p.
17
Let n(r) = -11*r + 17. What is the remainder when n(-12) is divided by 38?
35
Let z be 0 + 0 - (-4)/(-2). Let i be 2/z + (5 - 2). What is the remainder when (-14)/((-2 - 0)/i) is divided by 8?
6
Let g(l) = -l**2 + 4 - 3 - 2 - 3*l + l**3. Suppose 0 = -q + 5*b - 2, 2*q - q - 8 = -5*b. Calculate the remainder when 15 is divided by g(q).
7
Let j = -21 + 24. Calculate the remainder when 9 is divided by j.
0
Let h(q) = -q**3 - 6*q**2 - 8*q - 5. Calculate the remainder when h(-6) is divided by 15.
13
Let g(b) = b**2 - 6*b - 9. Let a be g(8). Suppose 3*y - w = 28, -2*w = 2*y - a*w - 36. Calculate the remainder when 23 is divided by y.
7
Let u = 4 - -12. Let i be (-33)/22*(-1 + -1). What is the remainder when u is divided by ((-27)/6)/i*-6?
7
What is the remainder when 2/3 + 111/9 is divided by 5?
3
Let r(s) = s**3 - 12*s**2 - 14*s + 6. Let u be r(13). Suppose -2*l - 2*l = 4. Let h = l - u. What is the remainder when 15 is divided by h?
3
Let h(x) = x**2 - 5*x - 13. Let l be (-6 + -3)*(1 + -2). What is 